uppose -4*w - 8*t + 2588 = -5*t, 3*t = 5*w - 3235. What is the tens digit of w?
4
Suppose 2*u = -0 + 4. Suppose -3*v + l = -10, 0*v + 5*v - 2 = -u*l. Suppose 19 = b + v. What is the tens digit of b?
1
What is the units digit of (-20666)/(-16) + 66/176?
2
Let z(p) = -3*p - 3. Let s be z(-4). Let d be 1/((s/(-15))/(-3)). Suppose g = d*g - 40. What is the units digit of g?
0
Suppose d - 2*d + 34 = 0. Suppose 2*j = r - 2, d = 2*r - 0*r + 2*j. Suppose 3*p - 3 = r. What is the units digit of p?
5
Let l(c) = -c**3 - 7*c**2 - 30*c - 2. What is the hundreds digit of l(-6)?
1
Let o(u) = 297*u**2 + 70*u - 5. What is the thousands digit of o(4)?
5
Let f(k) = -2*k**3 - 5*k**2 + 3*k + 4. Let w be f(-4). Let m = w + -9. What is the units digit of m?
1
Suppose 4*s - 13 = 59. Suppose 11*i = 6*i - 55. Let v = i + s. What is the units digit of v?
7
Let w(a) = a**3 - 5*a**2 - a - 14. Suppose -2*r - 4*t = -14, t - 14 = -2*r - 2*t. What is the units digit of w(r)?
7
Let d = -3341 - -7613. What is the tens digit of d?
7
Let z(n) = -71*n - 67. What is the tens digit of z(-7)?
3
Let z = 22 + -24. What is the tens digit of 2*(-8 + 5 + (-167)/z)?
6
Let u(a) = 9*a**2 + 30*a - 141. What is the thousands digit of u(11)?
1
Suppose 28 + 2 = 5*l. Let b be ((-2004)/(-9))/(4/l). Suppose 2*o = 4*a - b, 5*a - 2*o = -0*a + 415. What is the tens digit of a?
8
Suppose 0 = -9*f + 2943 + 1737. What is the units digit of f?
0
Let n(i) = 6*i - 19. Let c be (-42)/(-4)*(-3 + 44/12). What is the units digit of n(c)?
3
Suppose -t = 3*w + 190, 18 = w - t + 80. Let a = w - -90. What is the tens digit of a?
2
Let m = 50 + -45. Suppose j + 4*c - m = 0, c - 51 + 14 = -3*j. What is the units digit of j?
3
Let o be 0 + 2 + -11 - 4. Let k = o + 21. Let p = k - -6. What is the tens digit of p?
1
Let k(x) = 23*x + 574. What is the units digit of k(60)?
4
Let g(d) = 17*d**3 - 2*d**2 + 1. Let i be g(1). Let u = 14 + i. What is the units digit of u?
0
What is the tens digit of (12/(-4))/((-69)/52463)?
8
Suppose 403 = 3*m - g, 3*m - g = m + 269. What is the tens digit of m?
3
Suppose 0 = 4*n + 3*o + 367, 4*n + o + 0*o + 365 = 0. Let f = n + 103. What is the tens digit of f?
1
Let s = 500 + 208. What is the hundreds digit of s?
7
Let g be (2 - 3)/(5/(-1235)). Suppose c + 2*z - 82 = z, 3*c = -2*z + g. What is the tens digit of c?
8
What is the tens digit of 90/72 - 534/(-8)?
6
What is the thousands digit of (-5)/2 + 3 + 55287/18?
3
Suppose 0 = -2*q - 2*q + 32. Let l be (-18)/(-8) - 2/q. Suppose 122 = 4*i - 5*p + 23, -l*p = 2*i - 54. What is the tens digit of i?
2
Let l be (0 + 0)*(33/(-12) + 3). Suppose 0 = -l*d + 3*d - 204. What is the units digit of d?
8
Let m = -79 - -50. Let p = 164 - m. What is the units digit of p?
3
What is the hundreds digit of (-38 - -39)*(491 - 0)?
4
Let t be 99/(-9) + 9 + 100/1. Let x = 133 - t. What is the units digit of x?
5
Suppose 0*w = -z + 3*w - 20, -25 = 4*z - w. Let h = z - -10. Suppose -g = h*u + 2*g - 6, -u + 2*g + 9 = 0. What is the units digit of u?
3
Let z = 1084 - 673. What is the tens digit of z?
1
What is the hundreds digit of (1 - -12 - 13) + 1737 + 0?
7
Let h(s) = 11*s**2 + 14*s + 21. Let c be h(-6). Let d = -209 + c. What is the tens digit of d?
2
Let w be 178/(3*(-6)/9). Let o = w - -219. What is the hundreds digit of o?
1
Let z(r) = 334*r**2 + 8*r + 25. What is the units digit of z(-2)?
5
Suppose 10*u - 5*u = 5775. Suppose 8*r = -3*r + u. What is the units digit of r?
5
Suppose 5*y - 20 = -4*q, -1 - 15 = -4*y + 5*q. What is the units digit of (-855)/20*-1 - 3/y?
2
Let l = 2320 + 477. What is the tens digit of l?
9
Suppose 0 = 23*q - 40*q + 38250. What is the tens digit of q?
5
What is the hundreds digit of (264/(-16))/(-11)*106*2?
3
Let d be (-5)/(-25) + (-2)/10. Let o(x) = x - 27. Let i be o(d). Let f = 46 + i. What is the tens digit of f?
1
Let t(z) = 3*z - 6. Let b be t(4). Suppose -b*f + 0*f = -312. What is the tens digit of f?
5
Let p = 2840 + -1120. What is the tens digit of p?
2
Let x be 0*(-3)/(-9) + 12. Let l(i) = i**2 - 11*i. Let a be l(x). What is the units digit of (44 + 0)*3/a?
1
Let s = 29 + -30. Let c(k) = -36*k. Let t be c(s). Suppose -n + 4 = o, 5*n = 4*o - o + t. What is the units digit of n?
6
Suppose 2*n + 4*q - 1 - 5 = 0, -5*n + q = -15. Suppose -n*j + z - 5 = -21, 2*z = -8. Suppose j*y = -4*r + 32, r = -3*y + 7*y - 27. What is the units digit of y?
7
Let b = -91 + 627. What is the hundreds digit of b?
5
Let a(h) = h**3 + 8*h**2 + h + 4. Suppose 0*g + 4*g = 0. Suppose g = -3*m - 31 + 10. What is the tens digit of a(m)?
4
Let u(w) = -w + 14. Let q(c) = -13. Let l(d) = 4*q(d) + 3*u(d). Suppose 10 = -2*h - b, 0*h - 3*b = -2*h - 18. What is the units digit of l(h)?
8
What is the tens digit of (45/(-135))/(1/(-5697))?
9
Let g(z) = z**2 - 4*z - 14. Let q be (-16)/4 + 2 + -443. Let m be 8/(-52) - q/(-65). What is the tens digit of g(m)?
6
What is the thousands digit of ((-41401)/(-133))/(2/14)?
2
Let k(t) = -t**3 - 3*t**2 + 5*t - 9. What is the hundreds digit of k(-7)?
1
Suppose 0 = -7*v + 183 - 15. What is the tens digit of v?
2
What is the tens digit of (-75)/50 + 2 + 4571/2?
8
Let d be (-30)/9*(-3)/(-2). Let p(i) = i**2 + 5*i + 4. Let b be p(d). What is the tens digit of (-4 + 78/b)*2?
3
Let b(v) = 12 - 2 + 4*v + 5*v**2 - 3*v + 1. What is the hundreds digit of b(5)?
1
Let z be 1*(-2)/6 + 710/213. Suppose -412 = -2*a + 5*o, -6*o + o - 613 = -z*a. What is the hundreds digit of a?
2
Let s(j) = j**3 - 18*j**2 + 5*j - 7. What is the tens digit of s(20)?
9
What is the tens digit of 665/(-14)*-20 + 0?
5
Suppose 2*o = 4*b - 1346, -b + 3*o + 86 = -238. Suppose -66*p = -69*p + b. What is the units digit of p?
3
Suppose -3*l + 5*t = -34, -3*t - 31 = -2*l + 2*t. Suppose -l*g + g = 3*f - 95, -f + 5*g + 26 = 0. What is the units digit of f?
1
Suppose -7*f + 1781 = -20*f. Let v = -36 - f. What is the hundreds digit of v?
1
Let h = -250 + 58. What is the tens digit of (-2)/(-6) + h/(-18)?
1
What is the tens digit of 2085/(-2)*(960/(-36))/20?
9
Let n(p) = -16*p - 229. What is the units digit of n(-34)?
5
Let n(w) = -29*w - 16. Let g be n(3). Let a = g + 111. What is the units digit of a?
8
Let k = 1529 + -989. What is the units digit of k?
0
Let g = -2897 - -7840. What is the units digit of g?
3
Suppose -2*v + 15 = -5*a, 2*a = -v - v + 8. Suppose v*b - 2*j = -5*j + 26, 5*b = 3*j + 14. Let m = -2 + b. What is the units digit of m?
2
Let i(o) = 165*o**2 - 5*o - 9. What is the units digit of i(-2)?
1
Let t(h) = 11*h + 539. Let j be t(-49). Let n(s) be the third derivative of s**4/12 + 37*s**3/6 - s**2. What is the tens digit of n(j)?
3
Let f(s) = -s**2 - 11*s + 1. Suppose 15 = -3*y - 3*t - 30, 0 = -t - 5. Let v = -18 - y. What is the units digit of f(v)?
5
Let s = -3 + 11. Let u(m) = -m**3 + 8*m**2 + 10*m - 3. What is the tens digit of u(s)?
7
Let u be ((-4)/(-3))/((-3)/((-2322)/4)). Suppose 11*n = 14*n - u. What is the tens digit of n?
8
Let t(z) = -z**2 - z - 132. Let d be t(0). Let r = 6 + -1. What is the tens digit of (d/(-10))/(2/r)?
3
Suppose 2*z - 702 = -2*z + 2*q, q = 5*z - 876. Suppose 5*d - 205 - z = 0. What is the tens digit of d?
7
Suppose 5*s + 1794 = f, 20*f - 2*s = 19*f + 1788. What is the hundreds digit of f?
7
Let o be ((-2)/(-1))/(((-8)/209)/(-8)). Suppose -3*c - 220 = -4*y + 110, -c = -5*y + o. What is the tens digit of y?
8
Suppose -f - 2*l - 2 = 0, -3*l = f + l + 8. Suppose -2*r = f*k - 2*k - 624, 0 = 4*r - k - 1243. What is the units digit of r?
1
Let z(h) = 28*h**2 - 37*h - 267. What is the tens digit of z(-7)?
6
Let t = -76 - -738. What is the hundreds digit of t?
6
Suppose -6*a = -2*a + 448. Let j = 158 + a. What is the units digit of j?
6
Suppose -5*z + 20 = -5*k, 5*z - 3*z = -2*k. Let g be 2/(2/(z/(-2))). What is the units digit of (7 - 4) + 1 + g?
3
Suppose 51*i - 103101 = -15789. What is the units digit of i?
2
Let f(a) = -5*a - 50. What is the tens digit of f(-21)?
5
Let m(v) = 2*v**2 - 6*v - 1. Suppose 4*t - 4 = -4*w, 0 = 5*t + 2*w + 4 - 21. Suppose t*n - 28 - 2 = 0. What is the tens digit of m(n)?
3
Let p(g) = 5*g**2 + 9*g + 125. What is the thousands digit of p(15)?
1
Suppose 3*y + 1454 = 4*h, -4*h = 3*y - 0*y + 1462. What is the units digit of (-3 + -1)*y/24?
1
Suppose -191664 = -82*v + 16*v. What is the units digit of v?
